?
3
Suppose -4*d + 7751 = -1473. What is the tens digit of d?
0
Let l(n) = 248*n - 88. What is the hundreds digit of l(6)?
4
Let t be (-654)/8 + 1 - 5/20. Let o = t + 121. What is the units digit of o?
0
Let g = -11 - -3. Let c be -5*(-4)/g*-2. Suppose -c*k + 37 + 158 = 0. What is the tens digit of k?
3
Let b be -4 + -3 + 12 + -1. What is the hundreds digit of (-8)/b*((-616)/4 - -3)?
3
Let q(u) = u**3 + 16*u**2 - 16*u - 10. What is the hundreds digit of q(-8)?
6
Let n = -1066 - -2781. What is the thousands digit of n?
1
Let k(t) = 2*t + 1. Let c(v) = -v**3 - 7*v**2 - 7*v - 8. Let a be c(-6). Let n be 4/18 + a/9. What is the units digit of k(n)?
1
Suppose -g + 5*o - 4 - 6 = 0, 37 = 5*g + 4*o. What is the units digit of 6 + (2 - g - -5)?
8
Suppose 2*u = -2*p + 24, -36 = -3*p + 2*u + u. Suppose 0 = -p*r + 8*r + 12. Suppose r*q = 51 + 3. What is the tens digit of q?
1
Let h be (42/(-8))/((-6)/(-32)). Let u = 188 - h. What is the hundreds digit of u?
2
Let n = 21 - 21. Suppose 3*j = 1 - 7, 4*l - 2*j - 868 = n. Let v = -150 + l. What is the units digit of v?
6
Suppose 0 = 5*u + 5*c - 35, 3*c + 0 = u - 3. Suppose 0 = -u*g + g + 30. What is the units digit of (8/g)/(18/27)?
2
Let a(f) = 6*f**2 - 4*f + 31. What is the hundreds digit of a(8)?
3
Let a(f) = f - 5. Let q be a(9). Suppose -6*v - q*v = -620. What is the units digit of v?
2
Suppose -5*q - 578 - 807 = 0. Let l = q - -612. What is the hundreds digit of l?
3
Let m be (-1230)/(-9) - 8/(-24). Let y = m - 13. What is the tens digit of y?
2
Let q = -2415 - -4121. What is the units digit of q?
6
Let h be 64/48*6/4. What is the units digit of -2 - h - (0 + -5)?
1
What is the thousands digit of (0 - -2)*17/((-476)/(-21798))?
1
Let m(z) be the second derivative of z**4/2 - z**3/3 + z**2/2 - 3*z. Let h be m(-3). Suppose -k + h = 11. What is the units digit of k?
0
Suppose -2*b + 64 = -b. Let h be 2 + 0 + 1 + 1. Suppose 0 = -h*x + 72 + b. What is the units digit of x?
4
Let k be 39 + 1/((-1)/(-5)). Suppose 2344 = -36*m + k*m. What is the hundreds digit of m?
2
Suppose 0 = 2*f + 8. Let m(c) = -7*c - 33. Let q be m(-5). What is the units digit of q*(1 + f + 4)?
2
Suppose k = -5*s - 48 - 260, 2*k + 250 = -4*s. Let a = s - -80. What is the units digit of a?
9
What is the hundreds digit of (-94)/((0 + -2)*8/64)?
3
Let k be (0 - -3) + -4 + 5. Suppose 0 = p + k*m - 3 - 75, -12 = 3*m. What is the units digit of p?
4
Suppose 0 = -5*w - 0*w + 9905. What is the units digit of w?
1
Suppose -5*m - 2573 = -2*x, 15*x - 19*x + m = -5101. What is the tens digit of x?
7
Suppose -o + 336 = o - 2*q, -o + 3*q + 164 = 0. What is the hundreds digit of o?
1
Suppose 6*w - 16 = 2*w. What is the units digit of -2 + (-2)/w*-178?
7
Let m(u) = -32*u**3 + 3*u**2 - 8*u - 15. What is the units digit of m(-3)?
0
Let l(i) = 383*i + 15. What is the units digit of l(1)?
8
Let t(d) = 2 + 2*d**2 + 13*d + 8 - 2 + 12. What is the units digit of t(-11)?
9
Suppose 6*r - 15*r = -702. What is the units digit of r?
8
Suppose -8*x = -623 + 119. Suppose -u + x = -26. What is the units digit of u?
9
Let k(s) = -4*s**3 + 5*s**2 + 3*s + 5. What is the units digit of k(-2)?
1
Let o = -91 - -95. Suppose -537 = -4*h + z, -400 = -o*h + h - 2*z. What is the units digit of h?
4
What is the units digit of (-1441)/(-13) - (-5 + (-441)/(-91))?
1
Suppose -11*q - 420 = -68. Let z = q + 78. What is the tens digit of z?
4
Suppose 5*p = 6 + 9. Let h(r) = 2*r**3 - r**2 + 99*r - 397. Let k be h(4). Suppose -p*z = -9 - k. What is the tens digit of z?
4
Let w = 2006 + -1605. What is the hundreds digit of w?
4
Let s(a) = 2*a - 5. Suppose 1 = -2*f + 13. Let u be s(f). Let m = u + -3. What is the units digit of m?
4
Let b(c) = 223*c + 42. What is the hundreds digit of b(5)?
1
What is the units digit of 10*2/100 - (-1319)/5?
4
Suppose -18 - 5 = f. Let v = 28 + f. What is the units digit of (-3)/v + (-4524)/(-65)?
9
Let q(u) = u + 2. Let h be q(6). Suppose 4*g - 2*g - h = 0. What is the units digit of (-5)/20 - (-57)/g?
4
Let s(i) = i**2 + 12*i - 2. Let k be s(-12). Let y be 36/(-15)*(-45)/k. Let o = y - -88. What is the units digit of o?
4
Suppose 4 = -4*c, -6*g + 5*g - 2*c = -836. What is the tens digit of g?
3
What is the units digit of -4 + 1214*4/(-16)*-2?
3
Let w be ((13 - 3) + (4 - 3))*-1. What is the tens digit of (19 + w)*16/2?
6
Let h be (-16)/(-12) + 245/3. Let t = h - 13. What is the tens digit of t?
7
Let a(j) = 3*j**2 - 24*j + 8. Let s be a(12). Suppose 0 = -8*c + s + 920. What is the units digit of c?
4
Let t(g) = -34*g - 45. Let m be t(10). Let o = m - -556. What is the units digit of o?
1
What is the tens digit of ((-542)/4)/((-74)/148)?
7
What is the hundreds digit of 8340/(-4)*(0 - 6/15)?
8
Suppose -3*s - 1033 = -5*p, 5*s - 208 = -3*p + 439. What is the tens digit of p?
0
Let n = 30 + -10. Let l(k) = k + 42. What is the units digit of l(n)?
2
Suppose -k + 3*z = -42 - 135, 0 = -z + 2. What is the units digit of k?
3
Let a(m) be the first derivative of -m**4/4 + 25*m**3/3 + 11*m**2/2 - 22*m + 47. What is the units digit of a(25)?
3
Let n be 1/(3929/(-9810) + 10/25). What is the tens digit of 2/(-3)*n/12?
0
Let w(o) = 43*o**2 + 57*o - 4. What is the units digit of w(-6)?
2
What is the tens digit of (8 - 4042/(-2)) + 2?
3
Let d(c) = 7*c**2 - c**3 + c - 2 - 8*c**2 + 8*c**2. What is the tens digit of d(3)?
3
Suppose 6*h - 9165 = h - 5*s, 4*h - 2*s = 7344. What is the tens digit of h?
3
Let o(j) be the third derivative of -j**5/60 + 2*j**4/3 - 7*j**3/3 + 7*j**2. What is the tens digit of o(8)?
5
Let x be 1/3 - ((-160)/(-12))/(-5). Suppose -f + x*c + 123 = 0, 4*f - 104 - 473 = -5*c. What is the tens digit of f?
3
Let t = -9 + 11. Suppose -t*l + 27 = -43. Suppose 0 = -w + 2*k + l, 4*k = -8 - 0. What is the units digit of w?
1
Let n = -298 + 586. What is the hundreds digit of n?
2
What is the tens digit of (-441753)/(-221) + (-6)/(-51)?
9
Suppose 5*o = d - 130, 2*d + 92 = -4*o - 12. Suppose 0 = 5*w - 5, 0 = 2*s - s + 4*w + 46. What is the units digit of (-4)/o + s/(-13)?
4
Let l(d) = d + 4. Suppose 4*w + 6 = -2. Let p be l(w). Suppose -2*z - 41 = -5*c, -5*z - 3 + 2 = p*c. What is the units digit of c?
7
Suppose -5*y + z + 22144 = 0, -5*y - 12008 = -4*z - 34164. What is the thousands digit of y?
4
Let d(n) = n**3 - 7*n**2 - 10*n + 12. Let r be d(8). What is the tens digit of 4 + r/1 + 144?
4
Suppose 91 = 3*n + 247. Let u be 10/15 - n/3. Let i(j) = j - 12. What is the units digit of i(u)?
6
Let t = -42 + 22. Let d = 19 + t. Let x(g) = -40*g. What is the units digit of x(d)?
0
Suppose -4*r = 2*z - 5870, 1485 = 2*r - r + 4*z. Suppose 0 = -12*x + r + 395. What is the hundreds digit of x?
1
Suppose 4*f = 20, 2*g - 4*f - f = -19. Let n(s) = 2*s**3 + 5 - 5 - 2 - g*s**2 - 6*s + 5*s**2. What is the tens digit of n(3)?
5
Let g(o) = o**2 + 13*o + 12. Let m(h) = 2*h**2 + 38*h + 35. Let l(t) = -8*g(t) + 3*m(t). What is the units digit of l(5)?
9
What is the tens digit of (-982)/(-4) - (55/2)/(-11)?
4
Let v = -10 - -6. What is the tens digit of (v + 8)*(-2 + 5)?
1
Let h = 8 + -4. Suppose h*d = 111 + 97. What is the tens digit of d?
5
Suppose -c + 81 = -5*j - 78, 2*c = 5*j + 293. What is the hundreds digit of c?
1
Suppose -k = -2*k + 4*n + 86, -274 = -3*k - 4*n. Suppose 7*i = 2*i + k. Let g = i - 3. What is the tens digit of g?
1
Suppose -n + 1274 = 3*r, 4*r + 26*n - 31*n - 1705 = 0. What is the tens digit of r?
2
Let x(m) = -4*m - 3. Let p be x(-2). Suppose 3*y = t + 6, -p*t + y = -0*t - 40. What is the units digit of t?
9
Suppose -i + 2229 = 4*v - 2*i, v - 573 = -5*i. What is the tens digit of v?
5
Suppose -4 = -2*h + 5*r, 3 = 5*r - 17. Let j(i) = -i**3 + 31*i**2 + 4*i - 116. Let p be j(31). What is the tens digit of 760/h + p/12?
6
Suppose 2*t + 16028 = 5*x, 4*t = -6*x + 5*x + 3188. What is the tens digit of x?
0
Suppose -f = -4*f + 15. Suppose -291 = -f*s + 3*i, 122 = 2*s + 4*i + 16. What is the units digit of s?
7
Let j(l) = l + 5. Let y be j(-4). What is the tens digit of y/3 - (-148)/(-18)*-3?
2
Suppose -11*o + 2*v = -8*o - 2515, 3*v = -5*o + 4160. What is the tens digit of o?
3
Let x = -155 - -269. What is the hundreds digit of x?
1
Let t be (-10)/(-4) - (-239)/2. Let b = t + -65. What is the tens digit of b?
5
Let p = -5 + 94. Suppose 3*r = 3*v + 258, -p = -4*r + 3*v + 2